{"id":3273,"date":"2024-01-15T12:49:19","date_gmt":"2024-01-15T12:49:19","guid":{"rendered":"https:\/\/innocamps.lead.org.mk\/?page_id=3273"},"modified":"2024-01-15T12:50:05","modified_gmt":"2024-01-15T12:50:05","slug":"sfida-2","status":"publish","type":"page","link":"https:\/\/innocamps.lead.org.mk\/?page_id=3273","title":{"rendered":"Sfida"},"content":{"rendered":"<div class=\"fusion-fullwidth fullwidth-box fusion-builder-row-1 fusion-flex-container has-pattern-background has-mask-background nonhundred-percent-fullwidth non-hundred-percent-height-scrolling\" style=\"--awb-border-radius-top-left:0px;--awb-border-radius-top-right:0px;--awb-border-radius-bottom-right:0px;--awb-border-radius-bottom-left:0px;--awb-flex-wrap:wrap;\" ><div class=\"fusion-builder-row fusion-row fusion-flex-align-items-flex-start fusion-flex-content-wrap\" style=\"max-width:1372.8px;margin-left: calc(-4% \/ 2 );margin-right: calc(-4% \/ 2 );\"><div class=\"fusion-layout-column fusion_builder_column fusion-builder-column-0 fusion_builder_column_1_1 1_1 fusion-flex-column\" style=\"--awb-bg-size:cover;--awb-width-large:100%;--awb-margin-top-large:20px;--awb-spacing-right-large:1.92%;--awb-margin-bottom-large:20px;--awb-spacing-left-large:1.92%;--awb-width-medium:100%;--awb-order-medium:0;--awb-spacing-right-medium:1.92%;--awb-spacing-left-medium:1.92%;--awb-width-small:100%;--awb-order-small:0;--awb-spacing-right-small:1.92%;--awb-spacing-left-small:1.92%;\"><div class=\"fusion-column-wrapper fusion-column-has-shadow fusion-flex-justify-content-flex-start fusion-content-layout-column\"><div class=\"fusion-title title fusion-title-1 fusion-sep-none fusion-title-center fusion-title-text fusion-title-size-three\"><h3 class=\"fusion-title-heading title-heading-center fusion-responsive-typography-calculated\" style=\"font-family:&quot;Montserrat&quot;;font-style:normal;font-weight:400;margin:0;text-transform:uppercase;--fontSize:32;line-height:1.26;\"><p style=\"text-align: center;\"><b>Krijimi i nj\u00eb modeli shkollor t\u00eb q\u00ebndruesh\u00ebm<\/b><\/p><\/h3><\/div><div class=\"fusion-image-element \" style=\"--awb-caption-title-font-family:var(--h2_typography-font-family);--awb-caption-title-font-weight:var(--h2_typography-font-weight);--awb-caption-title-font-style:var(--h2_typography-font-style);--awb-caption-title-size:var(--h2_typography-font-size);--awb-caption-title-transform:var(--h2_typography-text-transform);--awb-caption-title-line-height:var(--h2_typography-line-height);--awb-caption-title-letter-spacing:var(--h2_typography-letter-spacing);\"><span class=\" fusion-imageframe imageframe-none imageframe-1 hover-type-none\" style=\"border-radius:8px;\"><img decoding=\"async\" width=\"2500\" height=\"1313\" title=\"LEAD_Hakaton_AL_pt3-02\" src=\"https:\/\/innocamps.lead.org.mk\/wp-content\/uploads\/2024\/01\/LEAD_Hakaton_AL_pt3-02.png\" data-orig-src=\"https:\/\/innocamps.lead.org.mk\/wp-content\/uploads\/2024\/01\/LEAD_Hakaton_AL_pt3-02.png\" alt class=\"lazyload img-responsive wp-image-3276\" srcset=\"data:image\/svg+xml,%3Csvg%20xmlns%3D%27http%3A%2F%2Fwww.w3.org%2F2000%2Fsvg%27%20width%3D%272500%27%20height%3D%271313%27%20viewBox%3D%270%200%202500%201313%27%3E%3Crect%20width%3D%272500%27%20height%3D%271313%27%20fill-opacity%3D%220%22%2F%3E%3C%2Fsvg%3E\" data-srcset=\"https:\/\/innocamps.lead.org.mk\/wp-content\/uploads\/2024\/01\/LEAD_Hakaton_AL_pt3-02-200x105.png 200w, https:\/\/innocamps.lead.org.mk\/wp-content\/uploads\/2024\/01\/LEAD_Hakaton_AL_pt3-02-400x210.png 400w, https:\/\/innocamps.lead.org.mk\/wp-content\/uploads\/2024\/01\/LEAD_Hakaton_AL_pt3-02-600x315.png 600w, https:\/\/innocamps.lead.org.mk\/wp-content\/uploads\/2024\/01\/LEAD_Hakaton_AL_pt3-02-800x420.png 800w, https:\/\/innocamps.lead.org.mk\/wp-content\/uploads\/2024\/01\/LEAD_Hakaton_AL_pt3-02-1200x630.png 1200w, https:\/\/innocamps.lead.org.mk\/wp-content\/uploads\/2024\/01\/LEAD_Hakaton_AL_pt3-02.png 2500w\" data-sizes=\"auto\" data-orig-sizes=\"(max-width: 640px) 100vw, 2500px\" \/><\/span><\/div><div class=\"fusion-title title fusion-title-2 fusion-sep-none fusion-title-text fusion-title-size-four\"><h4 class=\"fusion-title-heading title-heading-left fusion-responsive-typography-calculated\" style=\"font-family:&quot;Montserrat&quot;;font-style:normal;font-weight:400;margin:0;text-transform:uppercase;--fontSize:26;line-height:1.4;\"><b>Si \u00ebsht\u00eb situata? <\/b><\/h4><\/div><div class=\"fusion-text fusion-text-1\" style=\"--awb-content-alignment:justify;--awb-font-size:17px;\"><p><b>Shkollat e mesme n\u00eb Maqedonin\u00eb e Veriut p\u00ebrballet me nj\u00eb s\u00ebr\u00eb sfidash n\u00eb lidhje me q\u00ebndrueshm\u00ebrin\u00eb e tyre.\u00a0<\/b><\/p>\n<p><b>P\u00ebr sa i p\u00ebrket energjis\u00eb, shumica e shkollave p\u00ebrdorin l\u00ebnd\u00eb djeg\u00ebse fosile\u00a0 <\/b><span style=\"font-weight: 400;\">(naft\u00eb dhe gaz) dhe k\u00ebshtu shkaktojn\u00eb emetime t\u00eb gazrave serr\u00eb (dioksid karboni, metan, ozon, etj.) q\u00eb shkaktojn\u00eb ndryshime klimatike dhe ngrohje globale.<\/span><\/p>\n<p><span style=\"font-weight: 400;\">Shkollat, dhe ve\u00e7an\u00ebrisht shkollat e mesme, m\u00eb s\u00eb shpeshti jan\u00eb t\u00eb vendosura n\u00eb sip\u00ebrfaqe t\u00eb m\u00ebdha, t\u00eb cilat k\u00ebrkojn\u00eb burime ujore p\u00ebr mir\u00ebmbajtjen e tyre. Gjithashtu, shum\u00eb nga shkollat profesionale bujq\u00ebsore kan\u00eb plantacionet e tyre, t\u00eb cilat k\u00ebrkojn\u00eb ujitje t\u00eb vazhdueshme. <\/span><b>Zakonisht, uji i pijsh\u00ebm p\u00ebrdoret p\u00ebr ujitje n\u00eb sasi t\u00eb m\u00ebdha, <\/b><span style=\"font-weight: 400;\">gj\u00eb q\u00eb kontribuon n\u00eb humbjen e ujit t\u00eb pijsh\u00ebm, por edhe n\u00eb rritjen e faturave.<\/span><\/p>\n<p><span style=\"font-weight: 400;\">N\u00eb fush\u00ebn e menaxhimit t\u00eb mbeturinave, shkollat, ve\u00e7an\u00ebrisht ato q\u00eb kan\u00eb nj\u00eb num\u00ebr t\u00eb madh nx\u00ebn\u00ebsish, prodhojn\u00eb sasi t\u00eb m\u00ebdha mbeturinash, t\u00eb cilat zakonisht nuk trajtohen dhe nuk shfryt\u00ebzohen.<\/span><\/p>\n<\/div><div class=\"fusion-title title fusion-title-3 fusion-sep-none fusion-title-text fusion-title-size-four\"><h4 class=\"fusion-title-heading title-heading-left fusion-responsive-typography-calculated\" style=\"font-family:&quot;Montserrat&quot;;font-style:normal;font-weight:400;margin:0;text-transform:uppercase;--fontSize:26;line-height:1.4;\"><b>Cila \u00ebsht\u00eb sfida?<\/b><\/h4><\/div><div class=\"fusion-text fusion-text-2\" style=\"--awb-content-alignment:justify;--awb-font-size:17px;\"><p><b>Sfida e k\u00ebtij Inokampi \u00ebsht\u00eb shkencore-edukative, <\/b><span style=\"font-weight: 400;\">ku<\/span> <span style=\"font-weight: 400;\">ne duam t\u00eb krijojm\u00eb nj\u00eb model realist t\u00eb nj\u00eb shkolle t\u00eb (vet\u00eb)q\u00ebndrueshme, e cila do t\u00eb p\u00ebrdoret si ndihm\u00eb m\u00ebsimore n\u00eb l\u00ebnd\u00ebt e shkoll\u00ebs s\u00eb mesme.\u00a0<\/span><\/p>\n<p><span style=\"font-weight: 400;\">Nga nj\u00ebra an\u00eb, shkollat do t\u00eb ken\u00eb m\u00ebnyra p\u00ebr t\u00eb forcuar q\u00ebndrueshm\u00ebrin\u00eb e tyre n\u00eb vitet e ardhshme, dhe nga ana tjet\u00ebr, ato do t\u00eb ken\u00eb nj\u00eb mjet vizual n\u00eb form\u00ebn e nj\u00eb modeli q\u00eb do t\u00eb p\u00ebrdoret n\u00eb m\u00ebsimdh\u00ebnie p\u00ebr t\u00eb kuptuar nj\u00eb s\u00ebr\u00eb procese dhe fenomene q\u00eb aktualisht nx\u00ebn\u00ebsit nuk kan\u00eb mund\u00ebsi t&#8217;i perceptojn\u00eb n\u00eb terma praktik\u00eb si: ndryshimi i klim\u00ebs, menaxhimi i mbetjeve, shfryt\u00ebzimi i mbetjeve, menaxhimi i burimeve ujore, shfryt\u00ebzimi i energjis\u00eb diellore dhe t\u00eb er\u00ebs, etj.<\/span><\/p>\n<\/div><div class=\"fusion-title title fusion-title-4 fusion-sep-none fusion-title-text fusion-title-size-four\"><h4 class=\"fusion-title-heading title-heading-left fusion-responsive-typography-calculated\" style=\"font-family:&quot;Montserrat&quot;;font-style:normal;font-weight:400;margin:0;--fontSize:26;line-height:1.4;\"><b>Q\u00ebllimi i zgjidhjes s\u00eb sfid\u00ebs?<\/b><\/h4><\/div><div class=\"fusion-text fusion-text-3\" style=\"--awb-font-size:17px;\"><p><span style=\"font-weight: 400;\">Q\u00ebllimi i k\u00ebsaj sfide \u00ebsht\u00eb krijimi i nj\u00eb modeli prototip t\u00eb nj\u00eb shkolle t\u00eb q\u00ebndrueshme q\u00eb p\u00ebrdor burimet natyrore, por edhe rip\u00ebrdor burimet dhe produktet e p\u00ebrdorura tashm\u00eb n\u00eb vet\u00eb shkoll\u00ebn.\u00a0<\/span><\/p>\n<\/div><div class=\"fusion-text fusion-text-4\" style=\"--awb-font-size:15px;--awb-margin-top:25px;--awb-margin-right:180px;--awb-margin-left:180px;\"><p style=\"text-align: center;\"><strong>Projekti \u201cKampet e Inovacionit n\u00eb bashk\u00ebpunim me Rrjetin e M\u00ebsimit Eksperiencial\u201d zbatohet nga Shoqata LEAD me mb\u00ebshtetjen financiare t\u00eb UNICEF-it dhe Suedis\u00eb.<\/strong><\/p>\n<\/div><\/div><\/div><\/div><\/div>\n","protected":false},"excerpt":{"rendered":"","protected":false},"author":1,"featured_media":3276,"parent":0,"menu_order":0,"comment_status":"closed","ping_status":"closed","template":"","meta":{"content-type":"","footnotes":""},"class_list":["post-3273","page","type-page","status-publish","has-post-thumbnail","hentry"],"_links":{"self":[{"href":"https:\/\/innocamps.lead.org.mk\/index.php?rest_route=\/wp\/v2\/pages\/3273","targetHints":{"allow":["GET"]}}],"collection":[{"href":"https:\/\/innocamps.lead.org.mk\/index.php?rest_route=\/wp\/v2\/pages"}],"about":[{"href":"https:\/\/innocamps.lead.org.mk\/index.php?rest_route=\/wp\/v2\/types\/page"}],"author":[{"embeddable":true,"href":"https:\/\/innocamps.lead.org.mk\/index.php?rest_route=\/wp\/v2\/users\/1"}],"replies":[{"embeddable":true,"href":"https:\/\/innocamps.lead.org.mk\/index.php?rest_route=%2Fwp%2Fv2%2Fcomments&post=3273"}],"version-history":[{"count":3,"href":"https:\/\/innocamps.lead.org.mk\/index.php?rest_route=\/wp\/v2\/pages\/3273\/revisions"}],"predecessor-version":[{"id":3281,"href":"https:\/\/innocamps.lead.org.mk\/index.php?rest_route=\/wp\/v2\/pages\/3273\/revisions\/3281"}],"wp:featuredmedia":[{"embeddable":true,"href":"https:\/\/innocamps.lead.org.mk\/index.php?rest_route=\/wp\/v2\/media\/3276"}],"wp:attachment":[{"href":"https:\/\/innocamps.lead.org.mk\/index.php?rest_route=%2Fwp%2Fv2%2Fmedia&parent=3273"}],"curies":[{"name":"wp","href":"https:\/\/api.w.org\/{rel}","templated":true}]}}